he greatest common factor of k and 62.
62
Suppose -4*y = 4*q - 86 - 2, 4*q - 107 = -5*y. Suppose 780 = 5*h + 5*v, 2*h + 111 - 395 = 5*v. Calculate the greatest common divisor of y and h.
19
Let o(s) = -26*s**2 + 2758*s + 48. Let v be o(106). Calculate the greatest common divisor of v and 800.
20
Let s be (-20862)/(-133)*(-28)/(-12). Calculate the greatest common divisor of 21 and s.
3
Suppose 0 = -5*s + 10, 0 = 3*t - 5*s + 616 - 10035. Calculate the greatest common divisor of 7 and t.
7
Suppose -64*m = -87*m + 5152. Calculate the greatest common divisor of m and 5264.
112
Let m be 50/((-1 - -2) + (-9 - -7)). Let z = m - -50. Suppose -2*c = 2*s - 4*s + 52, -5*s - c + 154 = z. Calculate the greatest common divisor of 10 and s.
10
Suppose 3*m - 396 = 2*m. Suppose -z = -7 + 2. Suppose -4*y + 159 = -z*n, n + 99 = 3*y + 4*n. Calculate the highest common factor of m and y.
36
Suppose 18*q + 22 - 166 = 0. Let p(a) be the second derivative of a**4/3 - a**3 + a**2/2 + 10*a. Let y be p(q). Calculate the highest common factor of 19 and y.
19
Let l be -2*155 + (3 - (6 + -1)). Let a = -177 - l. Calculate the greatest common divisor of a and 54.
27
Let q be 13/8 - 21/(-56). Suppose i + 5*n = -1 + 2, -5*i + q*n - 76 = 0. Let g be -1 + 332/14 + (-4)/i. What is the greatest common divisor of 23 and g?
23
Suppose -4*f - 10*f + 4*f + 2970 = 0. What is the greatest common divisor of f and 429?
33
Let z(u) = -u**2 + 65*u + 1086. Let l be z(-12). Calculate the greatest common divisor of 3834 and l.
54
Suppose 5*k - 3 = 22. Suppose 0*u - u = -4*r + 302, -2*u = -k*r + 379. What is the highest common factor of 3 and r?
3
Suppose -3*l - 6 = 0, -4*h + 4*l + 879 + 1505 = 0. Calculate the highest common factor of 110 and h.
22
Let k(b) be the second derivative of -b**5/20 + 13*b**4/12 + 14*b**3/3 + 19*b**2 + 58*b. Let c be k(15). Calculate the greatest common factor of 968 and c.
8
Suppose -6*r = -10*r + 12. Let x(k) = -12*k + 46. Let c be x(r). Calculate the highest common divisor of c and 590.
10
Let m(x) = 573*x + 255. Let l be m(9). What is the greatest common factor of 132 and l?
132
Let v(t) be the first derivative of 25*t**3/3 - t**2/2 + 4*t + 35. Let z be v(1). What is the greatest common factor of 42 and z?
14
Let h(o) = -20*o + 266. Let f be h(13). Calculate the greatest common factor of f and 174.
6
Suppose -30 = s - 5*h, -5*s + 6*h = h + 190. Let x = 136 - 54. Let m = s + x. What is the highest common factor of 6 and m?
6
Suppose -2*u + 4*c = -17 - 3, -4*c + 20 = 0. Suppose 11*w - u = 2. Suppose -4*m + 22 + 32 = -w*k, 0 = 2*k - 2. Calculate the greatest common factor of m and 28.
14
Let c = 613 + -412. Let p = c + -192. Calculate the greatest common divisor of p and 12.
3
Suppose 0 = 35*j - 20*j + 795. Let c = j + 107. What is the greatest common factor of 414 and c?
18
Suppose -3*w = 4*f - 6981, -f + w = 5*w - 1729. What is the highest common factor of 33 and f?
33
Let z be (-10)/(-8)*(5 - 1 - 0). Suppose z*n - 5920 = 2*w, 8*w - 3*w + 1184 = n. Calculate the highest common factor of 32 and n.
32
Let h = 0 - -1. Let z be 0 + 4 + -4*(-6)/8. Suppose 0 = z*a - 10*a + 3. What is the greatest common factor of a and h?
1
Suppose 6*i - 136 = 242. Suppose 4*u - i - 97 = 0. Let o = -72 + 77. Calculate the highest common divisor of u and o.
5
Suppose 0 = -c - 3*c + 3*s + 14, 0 = 4*c + 5*s + 2. Suppose -c*w + b = -21, -20 = 3*b + b. Calculate the greatest common divisor of w and 3.
1
Suppose 5*l + 2*z - 117 = 0, l + 3*z = 3*l - 62. Suppose l*t = -19*t + 4840. What is the highest common divisor of t and 20?
10
Let n be ((-1)/(-4)*(-8832)/(-144))/((-2)/(-291)). Calculate the highest common divisor of 69 and n.
23
Suppose -5*x - 5*j + 55 = 0, -4*j - 4 = -2*x - 2*x. Let o(n) = 3*n**2 + 14*n + 97. Let h be o(-5). What is the greatest common divisor of h and x?
6
Suppose -1984*b = -1951*b - 396. What is the highest common divisor of 3384 and b?
12
Suppose -49*j - 26*j + 2*j = -803. Calculate the greatest common factor of 99 and j.
11
Let g(r) = 5*r + 41. Let s be g(-8). Let b be -1 - (s + -2 + -4). Let h = -5 - -9. Calculate the highest common factor of b and h.
4
Suppose 7 = 4*m + q + 2*q, 3*m + 3 = -5*q. Let z(o) = o**2 + 6*o - 8. Let l be z(m). Suppose 5*r - 82 = -l. What is the greatest common factor of 50 and r?
10
Suppose 373 = -71*z + 665 + 1057. Calculate the highest common divisor of z and 29.
1
Let l = -280 - -16. Let j be (-1)/((-2)/l*-2). Let p(n) = -2*n + 4. Let y be p(-9). Calculate the greatest common divisor of j and y.
22
Let m = 4971 - 3996. Calculate the greatest common factor of m and 90.
15
Let m = 16350 - 14500. Calculate the greatest common divisor of m and 550.
50
Let h be (1173/(-46))/1*-2. Calculate the highest common divisor of 833 and h.
17
Let g be (-30)/(-80) + 4556/(-32). Let q = g - -190. What is the greatest common factor of 72 and q?
24
Let l be (-29)/203 - (-72)/14. Suppose 4*b + l + 19 = 0. Let m(v) = -v**3 - 5*v**2 + 5*v + 9. Let d be m(b). Calculate the highest common factor of 20 and d.
5
Let d(b) = 2*b**3 - 16*b**2 - 25*b - 51. Let j be d(10). Suppose -7*w = -12*w + 110. What is the highest common divisor of w and j?
11
Let f be -152 + -4 + (-4 - -10). Let t be 4/(-30) - (8270/f - -10). Calculate the greatest common divisor of 18 and t.
9
Let s(o) = o**2 + 128. Suppose -a + 10 = 3*z - 15, 1 = a. Let y(c) = -2*c + 16. Let r be y(z). Let f be s(r). Calculate the greatest common divisor of 16 and f.
16
Let p(m) = m**3 + 4*m**2 + 3*m + 4. Let c be p(-3). Let b be ((-18)/(-3))/(-6) + -125. Let u = 130 + b. Calculate the highest common divisor of c and u.
4
Let a be -1 + 0 - (23 + -24). Let h be (a + 5/10)*30. Calculate the highest common divisor of h and 405.
15
Let k = -4081 + 12698. What is the highest common factor of 14 and k?
7
Let s(r) = r**2 + 10*r + 39. Let d be s(-15). Suppose -141*k + 143*k = d. What is the highest common factor of 57 and k?
57
Suppose 5*w + 2*h + h = 71, 0 = -5*w + 5*h + 95. Let o(q) = 2*q**3 - 244*q**2 + 14*q - 1308. Let z be o(122). Calculate the greatest common factor of w and z.
16
Let q = 1145 + -1139. Suppose 2*n = -5*o - 11, o = -6*n + 2*n + 5. Suppose 0 = n*t - 5*t + 6. What is the greatest common factor of q and t?
2
Let l(f) = 2*f**3 + 27*f**2 - 12*f - 60. Let d be l(-12). Calculate the highest common factor of d and 688.
172
Let f(y) = 14*y - 455. Let q be f(108). What is the greatest common divisor of q and 7?
7
Suppose 130*f = -135*f + 60*f + 3964700. Calculate the highest common divisor of f and 60.
20
Let v(z) = 114*z - 17. Let s be v(-4). Let w be s/(-7) + -2 - (-57)/133. Suppose 9*l - w = 3795. What is the greatest common divisor of 39 and l?
39
Suppose 0 = -3114*l + 35603 + 39133. Let q(b) = b**3 - 3*b**2 - b. Let v be q(-4). Let c = v - -192. What is the greatest common factor of c and l?
12
Let h be (4/8)/(4/(886 + 2)). Suppose -7*l = -106 - h. Calculate the highest common divisor of 31 and l.
31
Suppose z + 3*z = 1408. Let v be 66/15*(-85 + 95). What is the highest common factor of z and v?
44
Suppose 3*f + 522 = -429. Let u = -209 - f. Calculate the highest common factor of 18 and u.
18
Suppose -2120*k + 2102*k = -144. Suppose r = -3 + 7. Suppose r*u - 24 = u. Calculate the highest common divisor of u and k.
8
Suppose -1291 = 267*a - 268*a - 5*d, -a + 5*d + 1341 = 0. What is the highest common factor of a and 140?
28
Suppose 361*f - 386*f = -1650. Let g(i) = 4*i - 6. Suppose 3*s = -9 + 30. Let w be g(s). Calculate the highest common factor of w and f.
22
Let h(y) = -y**3 + 7*y**2 - 6*y - 7. Let o be h(5). Let g = 32043 - 32004. What is the highest common divisor of o and g?
13
Suppose 0 = 4*t + 2*o - 14, t - 11 = -o - 6. Suppose a = 2*s + t*a - 8, 4*a + 8 = 0. Calculate the greatest common divisor of 80 and s.
5
Let p = 30 + -2. Let c(f) be the second derivative of -5*f**3/6 + 38*f**2 + 5*f - 4. Let a be c(11). What is the greatest common divisor of a and p?
7
Suppose 0 = -3*v + 778 - 22. Let s = 392 - v. What is the greatest common divisor of 80 and s?
20
Suppose 473*z + 602 = 4*d + 478*z, 0 = -3*d - z + 457. What is the greatest common factor of 2703 and d?
51
Suppose h - 4*h - 4*d + 44 = 0, 0 = -2*h + d + 22. Calculate the greatest common divisor of 1413 and h.
3
Let o(h) = 4*h**2 + 4*h